 {"id":251,"date":"2023-08-17T13:34:50","date_gmt":"2023-08-17T11:34:50","guid":{"rendered":"https:\/\/cya.tn\/?page_id=251"},"modified":"2023-08-23T13:58:41","modified_gmt":"2023-08-23T11:58:41","slug":"restructuration","status":"publish","type":"page","link":"https:\/\/cya.tn\/index.php\/restructuration\/","title":{"rendered":"Restructuration"},"content":{"rendered":"\n<div class=\"section-wrapper\" data-id=\"uL3WNu\"><section class=\"wp-block-gutenverse-section guten-element guten-section guten-uL3WNu layout-boxed align-stretch\"><div class=\"guten-background-overlay\"><\/div><div class=\"guten-shape-divider guten-shape-divider-top\"><\/div><div class=\"guten-shape-divider guten-shape-divider-bottom\"><\/div><div class=\"guten-container guten-column-gap-no\">\n<div class=\"wp-block-gutenverse-column guten-element guten-column guten-Tf7s4t\"><div class=\"guten-background-overlay\"><\/div><div class=\"sticky-wrapper\" data-id=\"Tf7s4t\"><div class=\"guten-column-wrapper\">\n<div class=\"section-wrapper\" data-id=\"98OkLM\"><section class=\"wp-block-gutenverse-section guten-element guten-section guten-98OkLM animated guten-element-hide slow desktop-fadeInUp layout-boxed align-stretch\"><div class=\"guten-background-overlay\"><\/div><div class=\"guten-shape-divider guten-shape-divider-top\"><\/div><div class=\"guten-shape-divider guten-shape-divider-bottom\"><\/div><div class=\"guten-container guten-column-gap-no\">\n<div class=\"wp-block-gutenverse-column guten-element guten-column guten-8wGtaB\"><div class=\"guten-background-overlay\"><\/div><div class=\"sticky-wrapper\" data-id=\"8wGtaB\"><div class=\"guten-column-wrapper\">\n<div class=\"guten-element guten-accordions guten-8ez80Q\">\n<div class=\"accordion-item active\"><div class=\"accordion-heading\"><div class=\"accordion-icon\"><span class=\"accordion-icon-open\"><i class=\"fas fa-minus\"><\/i><\/span><span class=\"accordion-icon-closed\"><i class=\"fas fa-plus\"><\/i><\/span><\/div><span class=\"accordion-text\">Accompagnement dans l&rsquo;accomplissement d&rsquo;op\u00e9rations de restructuration juridique<\/span><\/div><div class=\"accordion-body\"><div class=\"accordion-content\">\n<ul class=\"wp-block-list\">\n<li>D\u00e9termination des modalit\u00e9s juridiques les plus appropri\u00e9es (apports de titres, apport partiel d\u2019actif, fusion, scission, augmentation de capital, transmission\u2026) selon le contexte.<\/li>\n\n\n\n<li>Pr\u00e9sentation aux dirigeants et leurs avocats du traitement comptable et fiscal applicable.<\/li>\n\n\n\n<li>R\u00e9alisation des \u00e9valuations n\u00e9cessaires, avec une approche document\u00e9e et multicrit\u00e8res.<\/li>\n\n\n\n<li>Accompagnement des dirigeants des soci\u00e9t\u00e9s dans les communications \u00e0 r\u00e9aliser aupr\u00e8s des tiers (\u00c9tat, organismes sociaux, banques,\u2026).<\/li>\n\n\n\n<li>Accompagnement des dirigeants dans l\u2019aspect d\u00e9claratif \u00e0 effectuer.<\/li>\n<\/ul>\n<\/div><\/div><\/div>\n<\/div>\n<\/div><\/div><\/div>\n\n\n\n<div class=\"wp-block-gutenverse-column guten-element guten-column guten-shcZCn\"><div class=\"guten-background-overlay\"><\/div><div class=\"sticky-wrapper\" data-id=\"shcZCn\"><div class=\"guten-column-wrapper\">\n<div class=\"wp-block-gutenverse-image guten-element guten-image guten-6BJAbY\"><a class=\"guten-image-wrapper\"><img loading=\"lazy\" decoding=\"async\" class=\"gutenverse-image-box-filled\" src=\"https:\/\/cya.tn\/wp-content\/uploads\/2023\/08\/Restructuration.png\" height=\"300\" width=\"400\"\/><\/a><\/div>\n<\/div><\/div><\/div>\n<\/div><\/section><\/div>\n<\/div><\/div><\/div>\n<\/div><\/section><\/div>\n","protected":false},"excerpt":{"rendered":"","protected":false},"author":1,"featured_media":0,"parent":0,"menu_order":0,"comment_status":"closed","ping_status":"closed","template":"","meta":{"footnotes":""},"class_list":["post-251","page","type-page","status-publish","hentry"],"_links":{"self":[{"href":"https:\/\/cya.tn\/index.php\/wp-json\/wp\/v2\/pages\/251","targetHints":{"allow":["GET"]}}],"collection":[{"href":"https:\/\/cya.tn\/index.php\/wp-json\/wp\/v2\/pages"}],"about":[{"href":"https:\/\/cya.tn\/index.php\/wp-json\/wp\/v2\/types\/page"}],"author":[{"embeddable":true,"href":"https:\/\/cya.tn\/index.php\/wp-json\/wp\/v2\/users\/1"}],"replies":[{"embeddable":true,"href":"https:\/\/cya.tn\/index.php\/wp-json\/wp\/v2\/comments?post=251"}],"version-history":[{"count":3,"href":"https:\/\/cya.tn\/index.php\/wp-json\/wp\/v2\/pages\/251\/revisions"}],"predecessor-version":[{"id":391,"href":"https:\/\/cya.tn\/index.php\/wp-json\/wp\/v2\/pages\/251\/revisions\/391"}],"wp:attachment":[{"href":"https:\/\/cya.tn\/index.php\/wp-json\/wp\/v2\/media?parent=251"}],"curies":[{"name":"wp","href":"https:\/\/api.w.org\/{rel}","templated":true}]}}