 {"id":227,"date":"2023-08-17T13:08:20","date_gmt":"2023-08-17T11:08:20","guid":{"rendered":"https:\/\/cya.tn\/?page_id=227"},"modified":"2023-08-22T12:47:14","modified_gmt":"2023-08-22T10:47:14","slug":"controle-de-gestion","status":"publish","type":"page","link":"https:\/\/cya.tn\/index.php\/controle-de-gestion\/","title":{"rendered":"Contr\u00f4le de gestion"},"content":{"rendered":"\n<div class=\"section-wrapper\" data-id=\"uL3WNu\"><section class=\"wp-block-gutenverse-section guten-element guten-section guten-uL3WNu layout-boxed align-stretch\"><div class=\"guten-background-overlay\"><\/div><div class=\"guten-shape-divider guten-shape-divider-top\"><\/div><div class=\"guten-shape-divider guten-shape-divider-bottom\"><\/div><div class=\"guten-container guten-column-gap-no\">\n<div class=\"wp-block-gutenverse-column guten-element guten-column guten-Tf7s4t\"><div class=\"guten-background-overlay\"><\/div><div class=\"sticky-wrapper\" data-id=\"Tf7s4t\"><div class=\"guten-column-wrapper\">\n<div class=\"section-wrapper\" data-id=\"ZeDB70\"><section class=\"wp-block-gutenverse-section guten-element guten-section guten-ZeDB70 animated guten-element-hide slow desktop-fadeInUp layout-boxed align-stretch\"><div class=\"guten-background-overlay\"><\/div><div class=\"guten-shape-divider guten-shape-divider-top\"><\/div><div class=\"guten-shape-divider guten-shape-divider-bottom\"><\/div><div class=\"guten-container guten-column-gap-no\">\n<div class=\"wp-block-gutenverse-column guten-element guten-column guten-eCT2sv\"><div class=\"guten-background-overlay\"><\/div><div class=\"sticky-wrapper\" data-id=\"eCT2sv\"><div class=\"guten-column-wrapper\">\n<div class=\"guten-element guten-accordions guten-aflli0\">\n<div class=\"accordion-item active\"><div class=\"accordion-heading\"><div class=\"accordion-icon\"><span class=\"accordion-icon-open\"><i class=\"fas fa-minus\"><\/i><\/span><span class=\"accordion-icon-closed\"><i class=\"fas fa-plus\"><\/i><\/span><\/div><span class=\"accordion-text\">Contr\u00f4le de gestion<\/span><\/div><div class=\"accordion-body\"><div class=\"accordion-content\">\n<ul class=\"wp-block-list\">\n<li>Budg\u00e9tisation ( Budget d&rsquo;exploitation \/ Budget de tr\u00e9sorerie\/ Budget d&rsquo;exploitation analytique\/ Budget d&rsquo;investissement,\u2026)<\/li>\n\n\n\n<li>Comptabilit\u00e9 analytique.<\/li>\n\n\n\n<li>Tableaux de bord.<\/li>\n\n\n\n<li>Analyse de co\u00fbts, de marges, de rentabilit\u00e9.<\/li>\n\n\n\n<li>Calcule des Seuils de rentabilit\u00e9.<\/li>\n\n\n\n<li>\u00c9tablissement de plans de tr\u00e9sorerie, des r\u00e9sultats &amp; Cash flows pr\u00e9visionnels pluriannuelles.<\/li>\n<\/ul>\n<\/div><\/div><\/div>\n<\/div>\n<\/div><\/div><\/div>\n\n\n\n<div class=\"wp-block-gutenverse-column guten-element guten-column guten-omEN2w\"><div class=\"guten-background-overlay\"><\/div><div class=\"sticky-wrapper\" data-id=\"omEN2w\"><div class=\"guten-column-wrapper\">\n<div class=\"wp-block-gutenverse-image guten-element guten-image guten-gcCqPJ\"><a class=\"guten-image-wrapper\"><img loading=\"lazy\" decoding=\"async\" class=\"gutenverse-image-box-filled\" src=\"https:\/\/cya.tn\/wp-content\/uploads\/2023\/08\/control-gestion.png\" height=\"300\" width=\"400\"\/><\/a><\/div>\n<\/div><\/div><\/div>\n<\/div><\/section><\/div>\n<\/div><\/div><\/div>\n<\/div><\/section><\/div>\n","protected":false},"excerpt":{"rendered":"","protected":false},"author":1,"featured_media":0,"parent":0,"menu_order":0,"comment_status":"closed","ping_status":"closed","template":"","meta":{"footnotes":""},"class_list":["post-227","page","type-page","status-publish","hentry"],"_links":{"self":[{"href":"https:\/\/cya.tn\/index.php\/wp-json\/wp\/v2\/pages\/227","targetHints":{"allow":["GET"]}}],"collection":[{"href":"https:\/\/cya.tn\/index.php\/wp-json\/wp\/v2\/pages"}],"about":[{"href":"https:\/\/cya.tn\/index.php\/wp-json\/wp\/v2\/types\/page"}],"author":[{"embeddable":true,"href":"https:\/\/cya.tn\/index.php\/wp-json\/wp\/v2\/users\/1"}],"replies":[{"embeddable":true,"href":"https:\/\/cya.tn\/index.php\/wp-json\/wp\/v2\/comments?post=227"}],"version-history":[{"count":3,"href":"https:\/\/cya.tn\/index.php\/wp-json\/wp\/v2\/pages\/227\/revisions"}],"predecessor-version":[{"id":358,"href":"https:\/\/cya.tn\/index.php\/wp-json\/wp\/v2\/pages\/227\/revisions\/358"}],"wp:attachment":[{"href":"https:\/\/cya.tn\/index.php\/wp-json\/wp\/v2\/media?parent=227"}],"curies":[{"name":"wp","href":"https:\/\/api.w.org\/{rel}","templated":true}]}}